- (-17)/(-51) prime?
False
Let z(u) = -u**3 - 9*u**2 + u + 12. Let h be z(-9). Suppose 0*y + 2*y - 385 = r, 3*y + h*r - 564 = 0. Is y prime?
True
Suppose 12 + 2 = 2*n + 4*b, -n - 4*b + 11 = 0. Suppose 11 - 89 = -n*s. Is s a prime number?
False
Let x = 15 + -8. Let u(o) = o**3 - 8*o**2 + 9*o - 10. Let m be u(x). Suppose -6*h + 50 = -m*h. Is h prime?
False
Let j = 1353 - 350. Is j a composite number?
True
Let g(w) = w**3 - 12*w**2 + 10*w - 4. Let b be g(13). Suppose r = 6*r - b. Is r a composite number?
False
Is 4450/40 - 1/4 a prime number?
False
Is ((-1)/2)/(10/(-9340)) composite?
False
Let q(x) = x**2 + 12*x - 11. Let g be q(-11). Is (g/(-3))/(8/36) a composite number?
True
Is 1177*3/6*2 a prime number?
False
Suppose -554 = -5*l + 3*c, 2*l = 4*l - 2*c - 224. Suppose 3*a - 86 = l. Is a composite?
True
Suppose -340 + 58 = -3*q - 3*h, 2*q - 179 = h. Suppose -3*w + 4*w = q. Is w prime?
False
Suppose -2*a - 20 = 2*n, -2*n - 2*n = 2*a + 22. Let s = a - -45. Suppose 5*b + 4*v = 241, 3*v + s = b - 16. Is b a prime number?
False
Let k = 1350 - 2770. Is 6/9 - k/12 prime?
False
Suppose 3*j - 8*j + 815 = 0. Is j composite?
False
Let w = -112 + 183. Is w a composite number?
False
Suppose -4 = -5*w + q + 2, -10 = -w - 2*q. Suppose -309 = -2*o + o - 4*n, -598 = -w*o - 4*n. Suppose 0 = -4*a - 57 + o. Is a composite?
True
Let w = -3 + 5. Suppose 5*n - 258 = w*n. Is n composite?
True
Let c(s) be the second derivative of 3*s**5/10 + 5*s**4/12 - s**3/3 - s**2 + 6*s. Is c(3) a composite number?
False
Let q(t) = 15*t**2 - 10*t + 9. Is q(7) a composite number?
True
Suppose -i - 2*o + 1023 = 0, -3*i + 1409 = -5*o - 1638. Is i composite?
False
Suppose 24 = -0*x + 3*x - 5*w, -2*x - 5*w - 9 = 0. Suppose -72 = -x*u - 27. Is u a composite number?
True
Suppose 0 = -2*n - 5*y + 4846, -4*n = -y - 7688 - 2048. Is n prime?
False
Suppose 1035 = 6*t - 489. Is t prime?
False
Suppose 0 = 4*l - 0*l - 5*h - 129, -h = 3*l - 92. Is l prime?
True
Let n = -176 + 573. Is n composite?
False
Suppose -213 = f - 4*f + 3*m, 5*f - 371 = -3*m. Suppose 3*c = -q + 18, c - f = -5*q + 3*c. Is q a prime number?
False
Suppose 1 = m - 3. Suppose -m*v + 774 = -70. Is v composite?
False
Let g = 6 + -6. Suppose y = -a + 10, g*y + 5*a - 35 = -2*y. Suppose 0 = -y*i + 48 + 117. Is i a prime number?
False
Suppose -3833 = -5*n + 8682. Is n a prime number?
True
Let o = 2411 + -1014. Is o composite?
True
Let l(o) be the second derivative of -2/3*o**3 - 1/10*o**5 + 1/2*o**2 - o + 1/3*o**4 + 0. Is l(-5) a prime number?
False
Let t(o) = -o**2 - 6*o - 4. Suppose 2*y = -2*u + 2 - 18, 4*u + 22 = -2*y. Let k be t(y). Is (-30)/(k*-2) + -2 a prime number?
True
Suppose -27*f - 7748 = -31*f. Is f a composite number?
True
Let d be (-2)/(-12) - (-33)/18. Let u(r) = -r**2 + 7*r. Let n be u(6). Suppose -x + 71 = d*z, -4*z + 160 = -n*x + 2*x. Is z a composite number?
False
Let v be 1894/6 - 9/(-27). Is (-2)/(-6) + v/6 prime?
True
Let h be 58 - (0 + 1*-1). Suppose 2*i = -8 - 0. Let x = i + h. Is x composite?
True
Suppose 9 = -0*i + 3*i. Suppose -4*q = 0, -i*u = -4*u + 4*q + 89. Is u a composite number?
False
Suppose -2*c + 6*c = w + 13, -c - 2*w - 8 = 0. Suppose c*h = 3*h - 157. Is h prime?
True
Suppose -4*k = k. Is k + (-1)/(3/(-207)) prime?
False
Suppose 2*p = 4*m + 2734, 4*p - m + 3*m = 5438. Is p a prime number?
True
Let r be -4 + (2 + -8)/(-3). Let g(x) = 6*x**2 - 2*x + 1. Let v be g(r). Suppose -f + 38 + v = 0. Is f a prime number?
True
Let l = 1595 + -661. Is l composite?
True
Let w(k) = k**3 + 6*k**2 + 5*k + 6. Let s be w(-4). Suppose 0 = -2*t + 2*x + 208 - s, x - 187 = -2*t. Let u = t + -11. Is u composite?
False
Let z = 7 - 5. Let w(a) = -8*a**2 + a**2 - a**3 - 15*a - 4*a**z - 13. Is w(-10) prime?
True
Let l(a) be the first derivative of a**4/4 - 2*a**3/3 + a**2 - 2*a + 2. Is l(2) prime?
True
Is (2 + -2)/(-4) + -3 - -322 a composite number?
True
Let o(k) = -2*k + 7. Let h be o(5). Let d(b) = 25*b**2 - 4. Is d(h) composite?
True
Let p be (-3)/4 - 11/(-4). Suppose 0 = q + 3*q + 5*a + p, -6 = -4*q - a. Is 134/q - (-4)/2 a composite number?
True
Let u(c) = 2*c**3 - 3*c**2 - 3*c + 3. Is u(7) composite?
False
Let s = -242 - -571. Is s prime?
False
Suppose 5582 + 9758 = 5*g. Suppose g = 4*l + 304. Is l a composite number?
False
Let v = 228 - 149. Let o be 16/(-3)*(-18)/4. Let k = v - o. Is k a composite number?
True
Is ((-494)/(-4) - -2)*2 prime?
True
Let s(t) = 37*t**2 + 41*t**2 + 55*t**2 + t + 1. Suppose -5*b = 4*m - 1 - 15, 0 = 2*m + 3*b - 10. Is s(m) prime?
False
Suppose -3*j = -5*j - 40. Let q be ((-2)/4)/(5/j). Suppose 2*u + 5*m = q*m + 173, 4*u - 3*m = 301. Is u prime?
True
Let m be (-7 + 1)/(6/(-3)). Suppose -2*a - 864 = -5*f, -m*a + 345 = 2*f - 4*a. Suppose 0 = 4*n - 134 - f. Is n a prime number?
False
Let l(m) = -7*m + 4. Let f(z) = -6*z + 5. Let j(a) = 5*f(a) - 6*l(a). Let r = 3 - -7. Is j(r) a composite number?
True
Let k = 135 - -132. Is k composite?
True
Let g(a) = a - 10. Let h(m) = 2*m - 10. Let i(v) = -3*g(v) + 2*h(v). Let d = 12 - 3. Is i(d) a prime number?
True
Let f(u) = -4 + 0*u + 2*u + 0*u + u**3 + 4*u**2. Let x be f(-3). Let l(z) = -19*z. Is l(x) a composite number?
False
Suppose 4*b + 47 + 1 = 0. Let o(v) = -4*v + 9. Is o(b) a composite number?
True
Let v = 86 - 43. Is v prime?
True
Let c = 4 + -7. Let l(w) be the second derivative of -w**4/12 - w**3 + 2*w**2 - w. Is l(c) a prime number?
True
Let v = -3 - -4. Suppose -11 + v = -2*w. Suppose -g + p = -w*g + 265, 149 = 2*g - 5*p. Is g a composite number?
False
Let a be (-136)/(-14) - 2/(-7). Let f be (-1386)/(-10) - (-4)/a. Suppose -2*s = 3*n - 227, -4*n - 5*s + 159 + f = 0. Is n prime?
False
Let h = -1042 + 1771. Let k = h - 460. Is k a composite number?
False
Let y(h) = 0*h + 127*h**2 - 4*h + 3*h. Let t be y(1). Let m = t + -88. Is m composite?
True
Suppose -2*l - 109 + 3 = 0. Is (-2)/(-2)*l/(-1) a prime number?
True
Let c = -5 + 5. Suppose 2*t - 21 - 133 = c. Is t prime?
False
Suppose -2*d - 1559 = -3*d. Is d a prime number?
True
Let u(v) = v - 4. Let x(s) = 2. Let j(t) = 3*u(t) + 5*x(t). Let k(f) = -7*f**3 + f**2 + f + 1. Let a be k(-1). Is j(a) prime?
False
Let i(o) = -8 + 0*o - 8*o**2 + 0*o + o**3 + 9*o + 0*o. Is i(7) a composite number?
True
Suppose -5*r + 100 + 6 = a, -79 = -a + 4*r. Is a a prime number?
False
Suppose -26 = -5*w + 119. Let x = 24 + w. Is x a composite number?
False
Suppose 0 = 2*k + 3*k. Suppose 133 = -k*s + s. Is s prime?
False
Let l = -1169 + 820. Let c = l - -600. Is c composite?
False
Let h = 5226 - 2507. Is h prime?
True
Let x(c) be the first derivative of 25*c**2/2 + 2*c - 1. Is x(3) prime?
False
Let j = -65 - -183. Is j prime?
False
Let p be (-4)/(-14) - 1426/(-7). Let d = 118 - p. Is (1 - d - 2) + 0 prime?
False
Let m(u) = 28*u**2 + 4*u + 3. Is m(4) a composite number?
False
Suppose 0 = l + 2*z - 1, l + 0*l - 4*z = 19. Let y be 7/((-7)/(-2)) + l. Is 1686/y + 2/(-6) a prime number?
False
Let l(s) = -s**2 + 3*s + 7. Let v be l(5). Let f = v + 34. Is f a composite number?
False
Suppose 0 = -4*x + 272 + 208. Suppose 5*v - 4*b - 411 = 0, -5*b - 447 = -4*v - x. Is v composite?
False
Let r(i) = -11*i - 13 + 2*i**2 + i - 6*i. Is r(12) a composite number?
False
Let s(j) = -j - 2. Suppose 0 = -4*w - 12 - 4. Let p be s(w). Suppose -t = -p*t + 91. Is t a composite number?
True
Suppose -5*s + 2*w = -1044, 2*s + 0*w = w + 417. Suppose 5*x - 50 = s. Suppose -q = -x + 15. Is q a prime number?
True
Suppose -87 = -4*h + 85. Suppose -39 = -u + h. Is u composite?
True
Let u = -72 + 134. Is u a prime number?
False
Let h be 27/(-18)*(-596)/3. Is h/8 + 1/(-4) composite?
False
Suppose 9*n - 3233 = -1082. Is n a prime number?
True
Let c = -1564 - -2298. Is c a composite number?
True
Let c be 0 + 1 + (-263)/1. Let o be 1 + (1 - c/2). Suppose 5*r = o + 532. Is r a composite number?
True
Suppose 2*s = 3*j - s + 3, 0 = -4*j - 2*s + 26. Let c be 2 + 6/(-2) + 125. Suppose 0*b = -j*b + c. Is b prime?
True
Let w = 8 - 7. Is (3 - w) + (-743)/(-1) prime?
False
Suppose -5*x + 10 = -q - x, 2*x = -5*q + 16. Suppose -q*d = 3*c - 4*d - 15, 3*d - 5 = -c. Is c*(5 + 0 + 2) a prime number?
False
Suppose 2*m + 304 = 6*m. Let c = -33 + m. Is c a composite number?
False
Suppose 4*k + 5 - 3 = -m, -m = -2*k - 4. Suppose 0 = -s - 2*t + 299, -3*s - m*t = 3*t - 901.